{"id":832,"date":"2024-08-01T23:17:58","date_gmt":"2024-08-01T21:17:58","guid":{"rendered":"https:\/\/kepzes.itk.ppke.hu\/molekularisbionika\/?page_id=832"},"modified":"2024-08-01T23:23:10","modified_gmt":"2024-08-01T21:23:10","slug":"adatvedelem-privacy-policy","status":"publish","type":"page","link":"https:\/\/kepzes.itk.ppke.hu\/molekularisbionika\/molekularisbionika\/adatvedelem-privacy-policy\/","title":{"rendered":"Adatv\u00e9delem &#8211; Privacy Policy"},"content":{"rendered":"\t\t<div data-elementor-type=\"wp-page\" data-elementor-id=\"832\" class=\"elementor elementor-832\">\n\t\t\t\t\t\t<section class=\"elementor-section elementor-top-section elementor-element elementor-element-2bf7c90 elementor-reverse-tablet elementor-reverse-mobile elementor-section-boxed elementor-section-height-default elementor-section-height-default\" data-id=\"2bf7c90\" data-element_type=\"section\" data-settings=\"{&quot;background_background&quot;:&quot;classic&quot;,&quot;shape_divider_bottom&quot;:&quot;curve&quot;,&quot;shape_divider_bottom_negative&quot;:&quot;yes&quot;}\">\n\t\t\t\t\t\t\t<div class=\"elementor-background-overlay\"><\/div>\n\t\t\t\t\t\t<div class=\"elementor-shape elementor-shape-bottom\" data-negative=\"true\">\n\t\t\t<svg xmlns=\"http:\/\/www.w3.org\/2000\/svg\" viewBox=\"0 0 1000 100\" preserveAspectRatio=\"none\">\n\t<path class=\"elementor-shape-fill\" d=\"M500,97C126.7,96.3,0.8,19.8,0,0v100l1000,0V1C1000,19.4,873.3,97.8,500,97z\"\/>\n<\/svg>\t\t<\/div>\n\t\t\t\t\t<div class=\"elementor-container elementor-column-gap-wider\">\n\t\t\t\t\t<div class=\"elementor-column elementor-col-50 elementor-top-column elementor-element elementor-element-d1c2e2b elementor-invisible\" data-id=\"d1c2e2b\" data-element_type=\"column\" data-settings=\"{&quot;animation&quot;:&quot;fadeInLeft&quot;}\">\n\t\t\t<div class=\"elementor-widget-wrap elementor-element-populated\">\n\t\t\t\t\t\t<div class=\"elementor-element elementor-element-3a523d1 elementor-widget elementor-widget-heading\" data-id=\"3a523d1\" data-element_type=\"widget\" data-widget_type=\"heading.default\">\n\t\t\t\t<div class=\"elementor-widget-container\">\n\t\t\t<style>\/*! elementor - v3.23.0 - 25-07-2024 *\/\n.elementor-heading-title{padding:0;margin:0;line-height:1}.elementor-widget-heading .elementor-heading-title[class*=elementor-size-]>a{color:inherit;font-size:inherit;line-height:inherit}.elementor-widget-heading .elementor-heading-title.elementor-size-small{font-size:15px}.elementor-widget-heading .elementor-heading-title.elementor-size-medium{font-size:19px}.elementor-widget-heading .elementor-heading-title.elementor-size-large{font-size:29px}.elementor-widget-heading .elementor-heading-title.elementor-size-xl{font-size:39px}.elementor-widget-heading .elementor-heading-title.elementor-size-xxl{font-size:59px}<\/style><h2 class=\"elementor-heading-title elementor-size-default\">Adatv\u00e9delmi t\u00e1j\u00e9koztat\u00f3<\/h2>\t\t<\/div>\n\t\t\t\t<\/div>\n\t\t\t\t\t<\/div>\n\t\t<\/div>\n\t\t\t\t<div class=\"elementor-column elementor-col-50 elementor-top-column elementor-element elementor-element-6d93012 elementor-invisible\" data-id=\"6d93012\" data-element_type=\"column\" data-settings=\"{&quot;animation&quot;:&quot;fadeInRight&quot;}\">\n\t\t\t<div class=\"elementor-widget-wrap elementor-element-populated\">\n\t\t\t\t\t\t<div class=\"elementor-element elementor-element-061f4e8 elementor-widget elementor-widget-heading\" data-id=\"061f4e8\" data-element_type=\"widget\" data-widget_type=\"heading.default\">\n\t\t\t\t<div class=\"elementor-widget-container\">\n\t\t\t<h2 class=\"elementor-heading-title elementor-size-default\">Privacy Policy<\/h2>\t\t<\/div>\n\t\t\t\t<\/div>\n\t\t\t\t\t<\/div>\n\t\t<\/div>\n\t\t\t\t\t<\/div>\n\t\t<\/section>\n\t\t\t\t<section class=\"elementor-section elementor-top-section elementor-element elementor-element-6dc46e5 elementor-reverse-tablet elementor-reverse-mobile elementor-section-boxed elementor-section-height-default elementor-section-height-default\" data-id=\"6dc46e5\" data-element_type=\"section\">\n\t\t\t\t\t\t<div class=\"elementor-container elementor-column-gap-wider\">\n\t\t\t\t\t<div class=\"elementor-column elementor-col-50 elementor-top-column elementor-element elementor-element-649f20d\" data-id=\"649f20d\" data-element_type=\"column\">\n\t\t\t<div class=\"elementor-widget-wrap elementor-element-populated\">\n\t\t\t\t\t\t<div class=\"elementor-element elementor-element-41e92f8 elementor-widget elementor-widget-html\" data-id=\"41e92f8\" data-element_type=\"widget\" data-widget_type=\"html.default\">\n\t\t\t\t<div class=\"elementor-widget-container\">\n\t\t\t<p>\n<b>Adatgy\u0171jt\u00e9s \u00e9s felhaszn\u00e1l\u00e1s<\/b>: Az alkalmaz\u00e1si \u0171rlapon megadott inform\u00e1ci\u00f3kat kiz\u00e1r\u00f3lag a programra t\u00f6rt\u00e9n\u0151 jelentkez\u00e9sek regisztr\u00e1l\u00e1s\u00e1nak c\u00e9lj\u00e1b\u00f3l gy\u0171jtj\u00fck \u00e9s haszn\u00e1ljuk fel. N\u00e9vtelen adatokat gy\u0171jt\u00fcnk a kamp\u00e1ny teljes\u00edtm\u00e9ny\u00e9nek elemz\u00e9s\u00e9re. Minden adatot biztons\u00e1gosan t\u00e1rolunk, \u00e9s nem osztjuk meg harmadik felekkel.\n<\/p>\n<p>\n<b>Az \u00d6n jogai<\/b> <\/p>\n<li>\u00d6n k\u00e9rheti az \u00e1ltalunk feldolgozott adatokkal \u00e9s azok felhaszn\u00e1l\u00e1s\u00e1val kapcsolatos inform\u00e1ci\u00f3kat.<\/li>\n<li>\u00d6n k\u00e9rheti adatainak helyesb\u00edt\u00e9s\u00e9t vagy t\u00f6rl\u00e9s\u00e9t.<\/li>\n<li>\u00d6n b\u00e1rmikor visszavonhatja az adatfeldolgoz\u00e1shoz adott hozz\u00e1j\u00e1rul\u00e1s\u00e1t.<\/li>\n<p>\n<b>Kapcsolat<\/b>: P\u00e1zm\u00e1ny P\u00e9ter Katolikus Egyetem, Inform\u00e1ci\u00f3s Technol\u00f3giai \u00e9s Bionikai Kar<br\/>\n<b>Email<\/b>: pr@itk.ppke.hu\n<\/p>\n<p><a href=\"https:\/\/ppke.hu\/\">Tov\u00e1bbi inform\u00e1ci\u00f3k<\/a><\/p>\t\t<\/div>\n\t\t\t\t<\/div>\n\t\t\t\t\t<\/div>\n\t\t<\/div>\n\t\t\t\t<div class=\"elementor-column elementor-col-50 elementor-top-column elementor-element elementor-element-081f209\" data-id=\"081f209\" data-element_type=\"column\">\n\t\t\t<div class=\"elementor-widget-wrap elementor-element-populated\">\n\t\t\t\t\t\t<div class=\"elementor-element elementor-element-a4da1c4 elementor-widget elementor-widget-html\" data-id=\"a4da1c4\" data-element_type=\"widget\" data-widget_type=\"html.default\">\n\t\t\t\t<div class=\"elementor-widget-container\">\n\t\t\t<p>\r\n<b>Data Collection and Use<\/b>: We collect and use the information provided on application form solely for the purposes for registering applications to the program.\r\nAnonymous data is collected to analyze campaign performance. All data is securely stored and not shared with third parties.\r\n<\/p>\r\n\r\n<p>\r\n<b>Your Rights<\/b> <\/p>\r\n\r\n<li>You can request information on the data we process and how it is used.<\/li>\r\n<li>You can request corrections or deletions of your data.<\/li>\r\n<li>You can withdraw your consent for data processing anytime.<\/li>\r\n\r\n<p>\r\n<b>Contact<\/b>: P\u00e1zm\u00e1ny P\u00e9ter Catholic University, Faculy of Information Technology And Bionics<br\/>\r\n<b>Email<\/b>: pr@itk.ppke.hu\r\n<\/p>\r\n\r\n<p><a href=\"https:\/\/ppke.hu\/en\">Further information<\/a><\/p>\t\t<\/div>\n\t\t\t\t<\/div>\n\t\t\t\t\t<\/div>\n\t\t<\/div>\n\t\t\t\t\t<\/div>\n\t\t<\/section>\n\t\t\t\t<\/div>\n\t\t","protected":false},"excerpt":{"rendered":"<p>Adatv\u00e9delmi t\u00e1j\u00e9koztat\u00f3 Privacy Policy Adatgy\u0171jt\u00e9s \u00e9s felhaszn\u00e1l\u00e1s: Az alkalmaz\u00e1si \u0171rlapon megadott inform\u00e1ci\u00f3kat kiz\u00e1r\u00f3lag a programra t\u00f6rt\u00e9n\u0151 jelentkez\u00e9sek regisztr\u00e1l\u00e1s\u00e1nak c\u00e9lj\u00e1b\u00f3l gy\u0171jtj\u00fck \u00e9s haszn\u00e1ljuk fel. N\u00e9vtelen adatokat gy\u0171jt\u00fcnk a kamp\u00e1ny teljes\u00edtm\u00e9ny\u00e9nek elemz\u00e9s\u00e9re&#8230;.<\/p>\n","protected":false},"author":1,"featured_media":769,"parent":38,"menu_order":0,"comment_status":"closed","ping_status":"closed","template":"elementor_header_footer","meta":{"advgb_blocks_editor_width":"","advgb_blocks_columns_visual_guide":"","_monsterinsights_skip_tracking":false,"_monsterinsights_sitenote_active":false,"_monsterinsights_sitenote_note":"","_monsterinsights_sitenote_category":0,"_uf_show_specific_survey":0,"_uf_disable_surveys":false,"footnotes":""},"class_list":["post-832","page","type-page","status-publish","has-post-thumbnail","hentry"],"yoast_head":"<!-- This site is optimized with the Yoast SEO plugin v23.1 - https:\/\/yoast.com\/wordpress\/plugins\/seo\/ -->\n<title>Molekul\u00e1ris bionika alapszak - P\u00e1zm\u00e1ny ITK<\/title>\n<meta name=\"description\" content=\"Molekul\u00e1ris bionika m\u00e9rn\u00f6ki alapk\u00e9pz\u00e9s, az itt szerzett diploma bel\u00e9p\u0151 t\u00f6bbek k\u00f6zt a sz\u00e1m\u00edt\u00f3g\u00e9ppel t\u00e1mogatott orvosl\u00e1s vil\u00e1g\u00e1ba is.\" \/>\n<meta name=\"robots\" content=\"index, follow, max-snippet:-1, max-image-preview:large, max-video-preview:-1\" \/>\n<link rel=\"canonical\" href=\"https:\/\/kepzes.itk.ppke.hu\/molekularisbionika\/molekularisbionika\/adatvedelem-privacy-policy\/\" \/>\n<meta property=\"og:locale\" content=\"hu_HU\" \/>\n<meta property=\"og:type\" content=\"article\" \/>\n<meta property=\"og:title\" content=\"Molekul\u00e1ris bionika alapszak\" \/>\n<meta property=\"og:description\" content=\"Molekul\u00e1ris bionika m\u00e9rn\u00f6ki alapk\u00e9pz\u00e9s, az itt szerzett diploma bel\u00e9p\u0151 t\u00f6bbek k\u00f6zt a sz\u00e1m\u00edt\u00f3g\u00e9ppel t\u00e1mogatott orvosl\u00e1s vil\u00e1g\u00e1ba is.\" \/>\n<meta property=\"og:url\" content=\"https:\/\/kepzes.itk.ppke.hu\/molekularisbionika\/molekularisbionika\/adatvedelem-privacy-policy\/\" \/>\n<meta property=\"og:site_name\" content=\"Molekul\u00e1ris Bionika M\u00e9rn\u00f6ki BSc\" \/>\n<meta property=\"article:publisher\" content=\"https:\/\/www.facebook.com\/ppkeitk\" \/>\n<meta property=\"article:modified_time\" content=\"2024-08-01T21:23:10+00:00\" \/>\n<meta property=\"og:image\" content=\"https:\/\/kepzes.itk.ppke.hu\/molekularisbionika\/wp-content\/uploads\/sites\/3\/2024\/02\/MB_BSc.png\" \/>\n\t<meta property=\"og:image:width\" content=\"940\" \/>\n\t<meta property=\"og:image:height\" content=\"788\" \/>\n\t<meta property=\"og:image:type\" content=\"image\/png\" \/>\n<meta name=\"twitter:card\" content=\"summary_large_image\" \/>\n<meta name=\"twitter:label1\" content=\"Becs\u00fclt olvas\u00e1si id\u0151\" \/>\n\t<meta name=\"twitter:data1\" content=\"1 perc\" \/>\n<script type=\"application\/ld+json\" class=\"yoast-schema-graph\">{\"@context\":\"https:\/\/schema.org\",\"@graph\":[{\"@type\":\"WebPage\",\"@id\":\"https:\/\/kepzes.itk.ppke.hu\/molekularisbionika\/molekularisbionika\/adatvedelem-privacy-policy\/\",\"url\":\"https:\/\/kepzes.itk.ppke.hu\/molekularisbionika\/molekularisbionika\/adatvedelem-privacy-policy\/\",\"name\":\"Molekul\u00e1ris bionika alapszak - P\u00e1zm\u00e1ny ITK\",\"isPartOf\":{\"@id\":\"https:\/\/kepzes.itk.ppke.hu\/molekularisbionika\/#website\"},\"primaryImageOfPage\":{\"@id\":\"https:\/\/kepzes.itk.ppke.hu\/molekularisbionika\/molekularisbionika\/adatvedelem-privacy-policy\/#primaryimage\"},\"image\":{\"@id\":\"https:\/\/kepzes.itk.ppke.hu\/molekularisbionika\/molekularisbionika\/adatvedelem-privacy-policy\/#primaryimage\"},\"thumbnailUrl\":\"https:\/\/kepzes.itk.ppke.hu\/molekularisbionika\/wp-content\/uploads\/sites\/3\/2024\/02\/MB_BSc.png\",\"datePublished\":\"2024-08-01T21:17:58+00:00\",\"dateModified\":\"2024-08-01T21:23:10+00:00\",\"description\":\"Molekul\u00e1ris bionika m\u00e9rn\u00f6ki alapk\u00e9pz\u00e9s, az itt szerzett diploma bel\u00e9p\u0151 t\u00f6bbek k\u00f6zt a sz\u00e1m\u00edt\u00f3g\u00e9ppel t\u00e1mogatott orvosl\u00e1s vil\u00e1g\u00e1ba is.\",\"breadcrumb\":{\"@id\":\"https:\/\/kepzes.itk.ppke.hu\/molekularisbionika\/molekularisbionika\/adatvedelem-privacy-policy\/#breadcrumb\"},\"inLanguage\":\"hu\",\"potentialAction\":[{\"@type\":\"ReadAction\",\"target\":[\"https:\/\/kepzes.itk.ppke.hu\/molekularisbionika\/molekularisbionika\/adatvedelem-privacy-policy\/\"]}]},{\"@type\":\"ImageObject\",\"inLanguage\":\"hu\",\"@id\":\"https:\/\/kepzes.itk.ppke.hu\/molekularisbionika\/molekularisbionika\/adatvedelem-privacy-policy\/#primaryimage\",\"url\":\"https:\/\/kepzes.itk.ppke.hu\/molekularisbionika\/wp-content\/uploads\/sites\/3\/2024\/02\/MB_BSc.png\",\"contentUrl\":\"https:\/\/kepzes.itk.ppke.hu\/molekularisbionika\/wp-content\/uploads\/sites\/3\/2024\/02\/MB_BSc.png\",\"width\":940,\"height\":788},{\"@type\":\"BreadcrumbList\",\"@id\":\"https:\/\/kepzes.itk.ppke.hu\/molekularisbionika\/molekularisbionika\/adatvedelem-privacy-policy\/#breadcrumb\",\"itemListElement\":[{\"@type\":\"ListItem\",\"position\":1,\"name\":\"Kezd\u0151lap\",\"item\":\"https:\/\/kepzes.itk.ppke.hu\/molekularisbionika\/\"},{\"@type\":\"ListItem\",\"position\":2,\"name\":\"Molekul\u00e1ris bionika m\u00e9rn\u00f6ki BSc\",\"item\":\"https:\/\/kepzes.itk.ppke.hu\/molekularisbionika\/\"},{\"@type\":\"ListItem\",\"position\":3,\"name\":\"Adatv\u00e9delem &#8211; Privacy Policy\"}]},{\"@type\":\"WebSite\",\"@id\":\"https:\/\/kepzes.itk.ppke.hu\/molekularisbionika\/#website\",\"url\":\"https:\/\/kepzes.itk.ppke.hu\/molekularisbionika\/\",\"name\":\"Molekul\u00e1ris Bionika M\u00e9rn\u00f6ki BSc\",\"description\":\"\",\"publisher\":{\"@id\":\"https:\/\/kepzes.itk.ppke.hu\/molekularisbionika\/#organization\"},\"potentialAction\":[{\"@type\":\"SearchAction\",\"target\":{\"@type\":\"EntryPoint\",\"urlTemplate\":\"https:\/\/kepzes.itk.ppke.hu\/molekularisbionika\/?s={search_term_string}\"},\"query-input\":\"required name=search_term_string\"}],\"inLanguage\":\"hu\"},{\"@type\":\"Organization\",\"@id\":\"https:\/\/kepzes.itk.ppke.hu\/molekularisbionika\/#organization\",\"name\":\"Molekul\u00e1ris Bionika M\u00e9rn\u00f6ki BSc\",\"url\":\"https:\/\/kepzes.itk.ppke.hu\/molekularisbionika\/\",\"logo\":{\"@type\":\"ImageObject\",\"inLanguage\":\"hu\",\"@id\":\"https:\/\/kepzes.itk.ppke.hu\/molekularisbionika\/#\/schema\/logo\/image\/\",\"url\":\"https:\/\/kepzes.itk.ppke.hu\/molekularisbionika\/wp-content\/uploads\/sites\/3\/2023\/10\/PAZMANY-ITK-17_balrazart_webes_magy_neg.png\",\"contentUrl\":\"https:\/\/kepzes.itk.ppke.hu\/molekularisbionika\/wp-content\/uploads\/sites\/3\/2023\/10\/PAZMANY-ITK-17_balrazart_webes_magy_neg.png\",\"width\":1957,\"height\":393,\"caption\":\"Molekul\u00e1ris Bionika M\u00e9rn\u00f6ki BSc\"},\"image\":{\"@id\":\"https:\/\/kepzes.itk.ppke.hu\/molekularisbionika\/#\/schema\/logo\/image\/\"},\"sameAs\":[\"https:\/\/www.facebook.com\/ppkeitk\",\"https:\/\/www.instagram.com\/ppkeitk\/\",\"https:\/\/www.youtube.com\/@pazmanyitk\",\"https:\/\/www.tiktok.com\/@ppkeitk\"]}]}<\/script>\n<!-- \/ Yoast SEO plugin. -->","yoast_head_json":{"title":"Molekul\u00e1ris bionika alapszak - P\u00e1zm\u00e1ny ITK","description":"Molekul\u00e1ris bionika m\u00e9rn\u00f6ki alapk\u00e9pz\u00e9s, az itt szerzett diploma bel\u00e9p\u0151 t\u00f6bbek k\u00f6zt a sz\u00e1m\u00edt\u00f3g\u00e9ppel t\u00e1mogatott orvosl\u00e1s vil\u00e1g\u00e1ba is.","robots":{"index":"index","follow":"follow","max-snippet":"max-snippet:-1","max-image-preview":"max-image-preview:large","max-video-preview":"max-video-preview:-1"},"canonical":"https:\/\/kepzes.itk.ppke.hu\/molekularisbionika\/molekularisbionika\/adatvedelem-privacy-policy\/","og_locale":"hu_HU","og_type":"article","og_title":"Molekul\u00e1ris bionika alapszak","og_description":"Molekul\u00e1ris bionika m\u00e9rn\u00f6ki alapk\u00e9pz\u00e9s, az itt szerzett diploma bel\u00e9p\u0151 t\u00f6bbek k\u00f6zt a sz\u00e1m\u00edt\u00f3g\u00e9ppel t\u00e1mogatott orvosl\u00e1s vil\u00e1g\u00e1ba is.","og_url":"https:\/\/kepzes.itk.ppke.hu\/molekularisbionika\/molekularisbionika\/adatvedelem-privacy-policy\/","og_site_name":"Molekul\u00e1ris Bionika M\u00e9rn\u00f6ki BSc","article_publisher":"https:\/\/www.facebook.com\/ppkeitk","article_modified_time":"2024-08-01T21:23:10+00:00","og_image":[{"width":940,"height":788,"url":"https:\/\/kepzes.itk.ppke.hu\/molekularisbionika\/wp-content\/uploads\/sites\/3\/2024\/02\/MB_BSc.png","type":"image\/png"}],"twitter_card":"summary_large_image","twitter_misc":{"Becs\u00fclt olvas\u00e1si id\u0151":"1 perc"},"schema":{"@context":"https:\/\/schema.org","@graph":[{"@type":"WebPage","@id":"https:\/\/kepzes.itk.ppke.hu\/molekularisbionika\/molekularisbionika\/adatvedelem-privacy-policy\/","url":"https:\/\/kepzes.itk.ppke.hu\/molekularisbionika\/molekularisbionika\/adatvedelem-privacy-policy\/","name":"Molekul\u00e1ris bionika alapszak - P\u00e1zm\u00e1ny ITK","isPartOf":{"@id":"https:\/\/kepzes.itk.ppke.hu\/molekularisbionika\/#website"},"primaryImageOfPage":{"@id":"https:\/\/kepzes.itk.ppke.hu\/molekularisbionika\/molekularisbionika\/adatvedelem-privacy-policy\/#primaryimage"},"image":{"@id":"https:\/\/kepzes.itk.ppke.hu\/molekularisbionika\/molekularisbionika\/adatvedelem-privacy-policy\/#primaryimage"},"thumbnailUrl":"https:\/\/kepzes.itk.ppke.hu\/molekularisbionika\/wp-content\/uploads\/sites\/3\/2024\/02\/MB_BSc.png","datePublished":"2024-08-01T21:17:58+00:00","dateModified":"2024-08-01T21:23:10+00:00","description":"Molekul\u00e1ris bionika m\u00e9rn\u00f6ki alapk\u00e9pz\u00e9s, az itt szerzett diploma bel\u00e9p\u0151 t\u00f6bbek k\u00f6zt a sz\u00e1m\u00edt\u00f3g\u00e9ppel t\u00e1mogatott orvosl\u00e1s vil\u00e1g\u00e1ba is.","breadcrumb":{"@id":"https:\/\/kepzes.itk.ppke.hu\/molekularisbionika\/molekularisbionika\/adatvedelem-privacy-policy\/#breadcrumb"},"inLanguage":"hu","potentialAction":[{"@type":"ReadAction","target":["https:\/\/kepzes.itk.ppke.hu\/molekularisbionika\/molekularisbionika\/adatvedelem-privacy-policy\/"]}]},{"@type":"ImageObject","inLanguage":"hu","@id":"https:\/\/kepzes.itk.ppke.hu\/molekularisbionika\/molekularisbionika\/adatvedelem-privacy-policy\/#primaryimage","url":"https:\/\/kepzes.itk.ppke.hu\/molekularisbionika\/wp-content\/uploads\/sites\/3\/2024\/02\/MB_BSc.png","contentUrl":"https:\/\/kepzes.itk.ppke.hu\/molekularisbionika\/wp-content\/uploads\/sites\/3\/2024\/02\/MB_BSc.png","width":940,"height":788},{"@type":"BreadcrumbList","@id":"https:\/\/kepzes.itk.ppke.hu\/molekularisbionika\/molekularisbionika\/adatvedelem-privacy-policy\/#breadcrumb","itemListElement":[{"@type":"ListItem","position":1,"name":"Kezd\u0151lap","item":"https:\/\/kepzes.itk.ppke.hu\/molekularisbionika\/"},{"@type":"ListItem","position":2,"name":"Molekul\u00e1ris bionika m\u00e9rn\u00f6ki BSc","item":"https:\/\/kepzes.itk.ppke.hu\/molekularisbionika\/"},{"@type":"ListItem","position":3,"name":"Adatv\u00e9delem &#8211; Privacy Policy"}]},{"@type":"WebSite","@id":"https:\/\/kepzes.itk.ppke.hu\/molekularisbionika\/#website","url":"https:\/\/kepzes.itk.ppke.hu\/molekularisbionika\/","name":"Molekul\u00e1ris Bionika M\u00e9rn\u00f6ki BSc","description":"","publisher":{"@id":"https:\/\/kepzes.itk.ppke.hu\/molekularisbionika\/#organization"},"potentialAction":[{"@type":"SearchAction","target":{"@type":"EntryPoint","urlTemplate":"https:\/\/kepzes.itk.ppke.hu\/molekularisbionika\/?s={search_term_string}"},"query-input":"required name=search_term_string"}],"inLanguage":"hu"},{"@type":"Organization","@id":"https:\/\/kepzes.itk.ppke.hu\/molekularisbionika\/#organization","name":"Molekul\u00e1ris Bionika M\u00e9rn\u00f6ki BSc","url":"https:\/\/kepzes.itk.ppke.hu\/molekularisbionika\/","logo":{"@type":"ImageObject","inLanguage":"hu","@id":"https:\/\/kepzes.itk.ppke.hu\/molekularisbionika\/#\/schema\/logo\/image\/","url":"https:\/\/kepzes.itk.ppke.hu\/molekularisbionika\/wp-content\/uploads\/sites\/3\/2023\/10\/PAZMANY-ITK-17_balrazart_webes_magy_neg.png","contentUrl":"https:\/\/kepzes.itk.ppke.hu\/molekularisbionika\/wp-content\/uploads\/sites\/3\/2023\/10\/PAZMANY-ITK-17_balrazart_webes_magy_neg.png","width":1957,"height":393,"caption":"Molekul\u00e1ris Bionika M\u00e9rn\u00f6ki BSc"},"image":{"@id":"https:\/\/kepzes.itk.ppke.hu\/molekularisbionika\/#\/schema\/logo\/image\/"},"sameAs":["https:\/\/www.facebook.com\/ppkeitk","https:\/\/www.instagram.com\/ppkeitk\/","https:\/\/www.youtube.com\/@pazmanyitk","https:\/\/www.tiktok.com\/@ppkeitk"]}]}},"coauthors":[],"author_meta":{"author_link":"https:\/\/kepzes.itk.ppke.hu\/molekularisbionika\/author\/kami\/","display_name":"kami"},"relative_dates":{"created":"Posted 2 \u00e9v ago","modified":"Updated 2 \u00e9v ago"},"absolute_dates":{"created":"Posted on 2024.08.01.","modified":"Updated on 2024.08.01."},"absolute_dates_time":{"created":"Posted on 2024.08.01. 23:17","modified":"Updated on 2024.08.01. 23:23"},"featured_img_caption":"","featured_img":"https:\/\/kepzes.itk.ppke.hu\/molekularisbionika\/wp-content\/uploads\/sites\/3\/2024\/02\/MB_BSc.png","series_order":"","_links":{"self":[{"href":"https:\/\/kepzes.itk.ppke.hu\/molekularisbionika\/wp-json\/wp\/v2\/pages\/832","targetHints":{"allow":["GET"]}}],"collection":[{"href":"https:\/\/kepzes.itk.ppke.hu\/molekularisbionika\/wp-json\/wp\/v2\/pages"}],"about":[{"href":"https:\/\/kepzes.itk.ppke.hu\/molekularisbionika\/wp-json\/wp\/v2\/types\/page"}],"author":[{"embeddable":true,"href":"https:\/\/kepzes.itk.ppke.hu\/molekularisbionika\/wp-json\/wp\/v2\/users\/1"}],"replies":[{"embeddable":true,"href":"https:\/\/kepzes.itk.ppke.hu\/molekularisbionika\/wp-json\/wp\/v2\/comments?post=832"}],"version-history":[{"count":0,"href":"https:\/\/kepzes.itk.ppke.hu\/molekularisbionika\/wp-json\/wp\/v2\/pages\/832\/revisions"}],"up":[{"embeddable":true,"href":"https:\/\/kepzes.itk.ppke.hu\/molekularisbionika\/wp-json\/wp\/v2\/pages\/38"}],"wp:featuredmedia":[{"embeddable":true,"href":"https:\/\/kepzes.itk.ppke.hu\/molekularisbionika\/wp-json\/wp\/v2\/media\/769"}],"wp:attachment":[{"href":"https:\/\/kepzes.itk.ppke.hu\/molekularisbionika\/wp-json\/wp\/v2\/media?parent=832"}],"curies":[{"name":"wp","href":"https:\/\/api.w.org\/{rel}","templated":true}]}}